osite?
True
Is 140297 composite?
False
Is 334318 composite?
True
Is 1543 a prime number?
True
Is 7711 composite?
True
Is 147607 prime?
True
Is 9533 a composite number?
False
Is 18481 a prime number?
True
Is 89203 composite?
False
Is 243889 a composite number?
False
Is 160117 a prime number?
True
Is 34667 a composite number?
False
Is 52009 prime?
True
Is 634 a prime number?
False
Is 275893 prime?
False
Is 594913 a prime number?
False
Is 117485 a prime number?
False
Is 210671 a prime number?
True
Is 641 a composite number?
False
Is 705819 composite?
True
Is 349109 prime?
True
Is 161921 prime?
True
Is 32885 composite?
True
Is 10762 a prime number?
False
Is 1709 composite?
False
Is 26899 a prime number?
False
Is 1259759 a composite number?
False
Is 44629 a composite number?
True
Is 3295 composite?
True
Is 20993 composite?
True
Is 8327 a prime number?
False
Is 1143529 a prime number?
True
Is 555635 a prime number?
False
Is 9589 a prime number?
False
Is 8849 prime?
True
Is 91893 a prime number?
False
Is 101713 a composite number?
True
Is 199151 a prime number?
True
Is 13123 a composite number?
True
Is 3409 a prime number?
False
Is 12707 a composite number?
True
Is 695713 prime?
False
Is 49783 prime?
True
Is 126505 a composite number?
True
Is 47273 prime?
False
Is 411821 composite?
False
Is 12007 prime?
True
Is 111261 composite?
True
Is 26747 prime?
False
Is 214547 prime?
False
Is 29633 a prime number?
True
Is 369319 a composite number?
False
Is 2073041 composite?
False
Is 1737719 a prime number?
False
Is 682687 prime?
False
Is 183761 prime?
True
Is 2768663 prime?
True
Is 164869 a prime number?
False
Is 228119 composite?
True
Is 61781 prime?
True
Is 82367 a prime number?
False
Is 130497 composite?
True
Is 7563 a composite number?
True
Is 49663 a prime number?
True
Is 85793 a composite number?
False
Is 2237 a prime number?
True
Is 42131 composite?
False
Is 7907 prime?
True
Is 19111 a prime number?
False
Is 3455 prime?
False
Is 123001 a composite number?
False
Is 2419 composite?
True
Is 10313 a composite number?
False
Is 99271 a composite number?
True
Is 1273561 prime?
True
Is 41277 prime?
False
Is 58031 prime?
True
Is 817 prime?
False
Is 513937 a prime number?
True
Is 967 a composite number?
False
Is 232987 prime?
True
Is 6401 a prime number?
False
Is 15727 composite?
False
Is 32869 prime?
True
Is 20807 composite?
False
Is 25439 composite?
False
Is 19547 a prime number?
False
Is 7561 composite?
False
Is 190301 a composite number?
False
Is 21079 a composite number?
True
Is 2579 composite?
False
Is 16781 a prime number?
False
Is 32231 composite?
True
Is 5981 composite?
False
Is 372314 a composite number?
True
Is 209659 composite?
False
Is 397 prime?
True
Is 18385 prime?
False
Is 112507 composite?
False
Is 23459 composite?
False
Is 1936133 a prime number?
True
Is 413521 a composite number?
False
Is 4140511 prime?
True
Is 39761 prime?
True
Is 1763 a prime number?
False
Is 38039 prime?
True
Is 64217 a prime number?
True
Is 18973 a prime number?
True
Is 65779 prime?
False
Is 91367 a composite number?
False
Is 2767 prime?
True
Is 40249 a prime number?
False
Is 40253 composite?
False
Is 137899 a composite number?
True
Is 215723 prime?
True
Is 7817 prime?
True
Is 234259 composite?
False
Is 24589 a composite number?
True
Is 169657 a composite number?
False
Is 322319 a composite number?
False
Is 11677 prime?
True
Is 1651 composite?
True
Is 188107 composite?
False
Is 791 prime?
False
Is 17077 prime?
True
Is 453209 prime?
True
Is 3913891 composite?
True
Is 6333 a composite number?
True
Is 52329 a composite number?
True
Is 153761 a composite number?
True
Is 265 a prime number?
False
Is 4327 a composite number?
False
Is 18263 composite?
True
Is 455671 a prime number?
False
Is 2461 a prime number?
False
Is 24049 a composite number?
False
Is 50239 prime?
False
Is 2581 a composite number?
True
Is 111751 composite?
False
Is 95527 prime?
True
Is 3457 prime?
True
Is 94994 composite?
True
Is 1457839 composite?
True
Is 62431 a composite number?
True
Is 475697 a composite number?
False
Is 242243 a composite number?
False
Is 34663 a prime number?
False
Is 14221 a composite number?
False
Is 7721 prime?
False
Is 24083 prime?
True
Is 69539 prime?
True
Is 25703 a composite number?
False
Is 73583 a prime number?
True
Is 2863 a composite number?
True
Is 3901 prime?
False
Is 3493 composite?
True
Is 2785 a composite number?
True
Is 5779 a prime number?
True
Is 2459 prime?
True
Is 11441 prime?
False
Is 2759 a composite number?
True
Is 446179 a composite number?
False
Is 11369 composite?
False
Is 539909 prime?
False
Is 1071479 composite?
False
Is 42101 a composite number?
False
Is 8111 composite?
False
Is 21059 a prime number?
True
Is 2101 a prime number?
False
Is 2761 prime?
False
Is 13963 composite?
False
Is 1801 a prime number?
True
Is 268585 prime?
False
Is 34667 a composite number?
False
Is 11003 a composite number?
False
Is 184307 prime?
False
Is 111301 prime?
True
Is 219197 a composite number?
True
Is 1249 a composite number?
False
Is 14743 a composite number?
True
Is 4593 a prime number?
False
Is 93091 a composite number?
True
Is 916634 prime?
False
Is 8579 prime?
False
Is 49821 a prime number?
False
Is 7117 composite?
True
Is 198863 a prime number?
False
Is 22691 a composite number?
False
Is 242057 a composite number?
False
Is 4831 a prime number?
True
Is 305791 composite?
True
Is 11801 a composite number?
False
Is 11617 prime?
True
Is 10909 a composite number?
False
Is 2459 a composite number?
False
Is 75233 prime?
False
Is 648361 a composite number?
True
Is 57973 prime?
True
Is 32959 a prime number?
False
Is 23773 a prime number?
True
Is 2503 a prime number?
True
Is 6637 a prime number?
True
Is 137607 prime?
False
Is 14591 a composite number?
False
Is 1436999 a prime number?
True
Is 90043 a composite number?
True
Is 222949 composite?
True
Is 118861 a composite number?
False
Is 17851 prime?
True
Is 180347 a prime number?
True
Is 842369 composite?
True
Is 33157 a prime number?
False
Is 467587 a prime number?
True
Is 3946 prime?
False
Is 7135 a prime number?
False
Is 279541 a composite number?
False
Is 139647 composite?
True
Is 22019 a composite number?
True
Is 4039 composite?
True
Is 269341 prime?
True
Is 15877 a prime number?
True
Is 1199 composite?
True
Is 385103 composite?
True
Is 73869 a composite number?
True
Is 302465 a composite number?
True
Is 646327 a prime number?
False
Is 531406 a prime number?
False
Is 50891 a prime number?
True
Is 159223 a composite number?
False
Is 1154909 a composite number?
True
Is 34899 composite?
True
Is 15153 prime?
False
Is 247183 a composite number?
False
Is 9151 a prime number?
True
Is 97073 a composite number?
False
Is 21767 composite?
False
Is 64789 prime?
False
Is 12763 a prime number?
True
Is 126137 composite?
True
Is 7433 prime?
True
Is 1858413 a prime number?
False
Is 395663 a composite number?
True
Is 58885 a composite number?
True
Is 95889 composite?
True
Is 4547 a composite number?
False
Is 269597 prime?
True
Is 4083 a prime number?
False
Is 44537 composite?
False
Is 647951 prime?
True
Is 581671 composite?
True
Is 1623071 a prime number?
True
Is 407 prime?
False
Is 1823 a prime number?
True
Is 94555 prime?
False
Is 1098499 composite?
True
Is 111187 a composite number?
False
Is 26141 a prime number?
True
Is 15245 a composite number?
True
Is 95429 a prime number?
True
Is 37423 prime?
True
Is 6117 a composite number?
True
Is 33703 a composite number?
False
Is 39965 a composite number?
True
Is 19907 a composite number?
True
Is 5261 composite?
False
Is 24437 prime?
False
Is 5789 composite?
True
Is 31121 a prime number?
True
Is 15967 prime?
False
Is 3734 prime?
False
Is 610391 a composite number?
False
Is 17159 a composite number?
False
Is 521 a prime number?
True
Is 64781 a composite number?
False
Is 122101 prime?
False
Is 967 prime?
True
Is 9533 a composite number?
False
Is 728501 composite?
True
Is 2837 a prime number?
True
Is 4193 prime?
False
Is 1379 a composite number?
True
Is 1151 prime?
True
Is 63005 a prime number?
False
Is 16333 prime?
True
Is 10589 prime?
True
Is 4721 composite?
False
Is 428093 a composite number?
False
Is 47339 prime?
True
Is 5807 a prime number?
True
Is 21799 a prime number?
True
Is 1403 a composite n